uppose -2*g + 12 = 2*i - 4, -2*g = 5*i - 31. Suppose -2*k - g = -45. Calculate the highest common divisor of k and 84.
21
Let s be 7/((-975)/(-2280) - 3/8). Calculate the greatest common divisor of s and 76.
19
Let g be (-2)/(3 - ((-185)/12)/(-5)). Suppose 2*t = -n + g, -n + 6*n = 2*t + 96. Calculate the highest common divisor of 240 and n.
20
Suppose 40 = -2*r + 6*r + 4*l, -2*l = -2*r + 8. Let b be (3 - 0) + -12 + r. Let j be (-46 + -20)*2/b. Calculate the greatest common factor of j and 6.
6
Let z = 122 - 39. Let u = z + -47. Let k be ((-48)/(-9))/((-6)/(-27)). Calculate the highest common divisor of u and k.
12
Let q(r) = 6*r - 9. Suppose 4*h - h - 11 = -5*f, 0 = 5*h - 4*f - 80. Let k be q(h). Suppose -k + 348 = 3*a. Calculate the highest common factor of a and 38.
19
Let o be 8/20 - (-186)/10. Suppose -22 = -4*t + 38. Let x = o - t. What is the greatest common divisor of 44 and x?
4
Let k(v) = 47*v - 101. Let w be k(3). Calculate the highest common factor of 440 and w.
40
Suppose 3*j - 5*h + 2 - 8 = 0, 4*j - 8 = -h. Let u be 2 + -1 + j/1. Calculate the highest common factor of 1 and u.
1
Let n = -99 - -132. What is the highest common factor of n and 1221?
33
Suppose s = 2*s + 720. Let d be s/(-21) + (-4)/14. Suppose 3*c = -v + 36, 0*c - d = -v - c. What is the highest common divisor of v and 3?
3
Let a(k) = -k**3 - 13*k**2 - 11*k + 9. Let c be a(-12). Let s be 215/10 - c/(-6). Let f be (-4)/(-6)*s/2. Calculate the highest common factor of 77 and f.
7
Let k be (9 + -9)*1*-1. Suppose k = a + 4*a - 30. Suppose -4*h + a*h = 252. Calculate the greatest common divisor of h and 18.
18
Let c = -54 + -32. Let r = c - -89. What is the greatest common factor of r and 3?
3
Suppose -v + 2*v - 145 = 4*f, -4*v = 4*f - 520. What is the highest common factor of v and 171?
19
Let v(t) = t**3 - 19*t**2 + 21*t - 182. Let m be v(20). What is the highest common divisor of m and 88?
22
Let x = -6 - 51. Let t = x + 71. What is the greatest common divisor of 35 and t?
7
Suppose -2*n - 2*x + 39 = -59, -4*n - x = -193. Calculate the highest common factor of 400 and n.
16
Let b(l) = -l**3 - 26*l**2 - 28*l - 19. Let m be b(-25). What is the highest common divisor of m and 126?
14
Suppose -26 = -2*n - 5*r, 0 = 15*n - 13*n + 2*r - 26. What is the greatest common divisor of n and 1157?
13
Let r(x) = -x**2 - 5*x - 14. Let d be r(-7). Let q be ((-48)/d)/((-2)/(-7)). Let b(f) = -5*f + 3. Let g be b(-3). What is the greatest common factor of g and q?
6
Let q be ((-1)/3)/((-7)/(-63)). Let a = q + 10. Let f be a/28 + 14/8. Calculate the greatest common divisor of 14 and f.
2
Let t be 5 + 7 + 1 + 41. Calculate the greatest common divisor of t and 522.
18
Suppose 23*w - 26 = 21*w. What is the highest common divisor of w and 13?
13
Let u(r) = -r**3 + 5*r**2 + 7*r - 16. Suppose 4*z - 24 = -f, -3*z = f + 4*f - 35. Let d be u(z). Calculate the highest common divisor of d and 19.
19
Let d be (-16)/(-40) - (-186)/10. What is the greatest common divisor of d and 437?
19
Suppose -17 = 7*o - 45. Let g = -2 - -4. Suppose -4*p = -j - g*p + 2, -5*j = -p - 46. What is the greatest common factor of o and j?
2
Let t be (24/(-14))/((-16)/952). What is the greatest common factor of t and 12?
6
Let k be (28/(-8) + 3)*-62. Suppose 0 = 3*r + 4*b - 1019, b - 4*b = -3*r + 1026. Calculate the highest common divisor of k and r.
31
Let k = 248 + 272. Calculate the greatest common factor of k and 65.
65
Let t = -25 + 27. Suppose 3*u - 17 = -2*n, 0 = 3*u - t*n - 0 - 1. What is the highest common factor of u and 3?
3
Suppose 0 = 3*t + v - 144 + 83, 0 = 2*v - 2. What is the greatest common divisor of t and 145?
5
Suppose -4*p + 260 = 3*n, n + 2*n - 248 = 2*p. Let r = n - 26. What is the highest common divisor of r and 87?
29
Suppose -8*c + 183 = 39. What is the highest common divisor of 171 and c?
9
Suppose -2*h - 80 = -304. What is the highest common factor of h and 64?
16
Let g(n) = 13*n - 4. Suppose -z + 0 = -3. Let d be g(z). Calculate the greatest common factor of d and 14.
7
Suppose -4*q - 382 = -3*z, z - 67 = -2*q + 67. Calculate the greatest common factor of z and 80.
10
Suppose 26*i = -40 + 196. What is the highest common divisor of 96 and i?
6
Let v = -494 + 550. Suppose 8 = 2*l - l. Calculate the greatest common factor of v and l.
8
Suppose -2*i + 5*t = 2*i - 145, 0 = -2*t + 6. Calculate the highest common factor of 40 and i.
40
Let s be -1 - -20 - 2/(-2). Suppose -6*a - 96 = -2*a. Let d = a - -54. Calculate the highest common divisor of d and s.
10
Suppose -4*r = -v + 18, 11 = 2*v - 4*r - 13. Let s(b) = b + 7. Let q be s(-17). Let f = q + 11. Calculate the highest common factor of f and v.
1
Suppose -5*u = -4*z + 182, 5*z - 32 = 3*u + 202. Let m be 2/(-12) + (-4)/(z/(-1250)). Calculate the highest common divisor of m and 8.
8
Suppose -3*z = 4*t + 36, -2*t - z = 2*z + 24. Let d = 335 - t. Let k be (0 + -1)*-1*d. What is the highest common divisor of 31 and k?
31
Let t(p) = 6*p**2 + 5*p - 1. Let m be t(-3). What is the greatest common divisor of m and 76?
38
Let r(g) = 3*g**2 + 12*g + 15. Let y(d) = d**2 - d + 1. Let b(q) = -r(q) + 4*y(q). Let h be b(17). What is the highest common factor of 18 and h?
6
Suppose 0 = -j + 78 - 8. What is the highest common divisor of j and 10?
10
Let z(t) = 29*t + 1. Let h be z(2). Let v = -35 + h. What is the greatest common divisor of v and 48?
24
Let b = -616 + 833. Suppose 0 = 2*h - 0*h - 62. Calculate the greatest common divisor of b and h.
31
Let z = -752 + 798. What is the greatest common factor of z and 1242?
46
Let t = 57 - 64. Let a(i) = -i**3 - 5*i**2 + 6*i + 12. Let p be a(t). What is the highest common divisor of p and 17?
17
Let t = -85 + 178. What is the highest common divisor of t and 1209?
93
Suppose 2*f = -481 + 545. Calculate the highest common factor of 28 and f.
4
Let q be 3 - (-1 - -1) - (9 - 9). Suppose -w = -y - q*y - 4, 22 = 2*w - y. What is the highest common factor of w and 4?
4
Let w(n) = -n**2 + 14*n - 2. Let q be w(12). Suppose -4*o + 27 = -61. Calculate the highest common divisor of o and q.
22
Let c = -505 + 561. What is the greatest common factor of 98 and c?
14
Let z = -941 - -990. What is the highest common factor of 784 and z?
49
Suppose 35*w = 37*w - 60. Let o(k) = -2*k - 11. Let h be o(8). Let v = h + 47. Calculate the highest common divisor of v and w.
10
Let v(b) = 57*b**2 + b - b + 11 + 2*b - 10. Let z be v(-1). What is the greatest common factor of z and 28?
28
Let y = 195 + -194. Let z = 21 + -39. Let r be (-1)/(-4) - z/24. Calculate the greatest common factor of r and y.
1
Suppose -776*a - 7370 = -787*a. Calculate the greatest common factor of a and 50.
10
Let k be (165/(-25) - 5)/(8/(-100)). What is the greatest common factor of 5 and k?
5
Let p(s) = -2137*s + 18*s**2 - 1 + 2137*s. Let d(m) = m - 6. Let y be d(5). Let c be p(y). What is the highest common factor of 17 and c?
17
Let r = -22 + 24. Suppose -5*b + w + 0 + 24 = 0, -5*b + r*w + 28 = 0. Let m be 1/b - 44/(-16). Calculate the greatest common divisor of 15 and m.
3
Let x = 10 + -5. Let w(i) = 4*i**2 + i + 5. Let z be w(x). Calculate the greatest common divisor of z and 22.
22
Suppose 7 = 2*q + 4*x - 7, 10 = -5*x. Suppose -3*z + 0*z = -2*v - 10, 3*z - 9 = 3*v. Let g = v + 10. Calculate the highest common divisor of g and q.
11
Let m be ((-12)/5 + 0)/((-84)/1470). Calculate the highest common factor of m and 30.
6
Let f be (3/((-6)/(-2)))/1. Let u be 26/(-2)*f - -2. Let l = 26 + u. What is the highest common factor of 135 and l?
15
Let b be 9 + (-21)/(-35)*10. Suppose -3*f = 4*i - 37 - 11, -3*f = -2*i + 42. What is the greatest common divisor of b and i?
15
Let u = 330 + -138. Calculate the greatest common divisor of 24 and u.
24
Suppose 3*o - 45 = -0. Suppose 5*q - 290 = 440. Suppose -2*u + q = -4. Calculate the highest common divisor of o and u.
15
Suppose 0 = 10*y - 0*y - 340. Suppose 36*f - y*f = 46. What is the greatest common divisor of f and 161?
23
Let g(b) = 9*b - 3*b**2 + b**3 - 6*b**2 - 5 - 3. Let v be g(8). Suppose v*s - 3*s = -609. Calculate the highest common factor of 29 and s.
29
Let f = 349 - 151. Suppose 4*q - f = -7*q. Let w(x) = 17*x**2 - 3*x - 2. Let k be w(-2). What is the highest common factor of q and k?
18
Suppose 0 = 45*x - 51*x + 84. 